15, -6*o + o = 5*b - 6695. Suppose 0*v - 3*z - 898 = -2*v, 0 = 3*v - 2*z - b. Is v a composite number?
False
Suppose 0 = -121*b + 37958890 + 696133. Is b composite?
True
Let f(g) = -g**3 - g**2 + 177. Suppose 0 - 4 = k - n, n - 19 = 4*k. Let b be 3 - k/((-20)/12). Is f(b) a composite number?
True
Suppose -9*n = -4*n + 2*k - 827, 0 = -2*n - 2*k + 332. Let g(u) = 28*u**2 - u + 4. Let y be g(4). Let f = n + y. Is f composite?
False
Let p = -27 + 55. Let f be (0 + 1/2)*p. Is 11*26*7/f prime?
False
Let y be ((-8)/6)/(3/1269). Let a = y - -3243. Suppose 2*t = 8, -4*t - a = -3*v - 7*t. Is v composite?
True
Suppose 0 = -4*m + 20, -m + 92475 + 13347 = i. Is i a prime number?
True
Suppose 0*u - p - 33 = -2*u, -15 = -u + 2*p. Let b(y) = -72*y - 29 + 22 + u. Is b(-21) prime?
False
Suppose 47 + 5 = 26*r. Suppose 5*d - 10850 = -3*m, -r*d - m = m - 4336. Is d composite?
True
Suppose -6055 = 3*d + 2606. Let a = d + 4284. Is a prime?
False
Suppose 11 = l - i, -3*l + 4*i = 11 - 48. Let m be 0/(l/((-28)/12)). Is -2*(8212/(-8) + m) a composite number?
False
Let u = 145860 - 93761. Is u composite?
True
Let n = -108 - -90. Let x = n + 37. Is x prime?
True
Suppose 4*k + 16 = 4*t, -2*t - 3*t + 2*k + 11 = 0. Let o(g) = g**3 + 10*g**2 - 12*g - 36. Let y be o(-6). Is y/8 + t - 3/2 a composite number?
True
Let h(p) be the first derivative of -7*p**2 - 3*p + 1. Suppose 5*y - 5*r = -30, -11*y + 12*y = -2*r. Is h(y) a prime number?
True
Suppose 0 = -6*i + 31 + 5. Let u be (-39)/(-26)*16/i. Suppose q - u*q = -381. Is q a composite number?
False
Is (5827605/(-175))/(12/(-20)) a composite number?
False
Let b = 17958 + 46709. Is b prime?
True
Let u = -114 - -126. Is ((-78)/u)/13*-34066 composite?
False
Is -5 - ((-2728448)/46 + (-8)/460*-5) prime?
False
Let v(b) = -3*b - 24. Let t be v(-8). Suppose 5*d = t, -4*d + 7 = 4*k - 1. Suppose 4*c = -k*o + 2798, 2*o - 2229 - 569 = c. Is o a composite number?
False
Let j(x) = x**3 - 11*x**2 + 11*x - 7. Let v be j(10). Suppose -589 = -v*n - l + 492, n - 364 = -4*l. Suppose 3*z - 402 = n. Is z composite?
True
Suppose 12*h - 3738 = 9*h. Let k = h + -393. Is k a prime number?
True
Suppose 0 = 179*o + 124*o - 11648229. Is o composite?
True
Let s(k) = 4*k + 4 + 21 + 3*k**2 + 16*k**2 - 10*k**2. Let q be s(-15). Suppose 2*o + 20 = -2*o, q = 2*f - 4*o. Is f a composite number?
True
Suppose f + 624493 = 5*p + 106943, 20 = 4*f. Is p a composite number?
False
Let p(b) = -b**2 + 6*b - 5. Let v be (-6)/2*(-2 + 1). Let h be p(v). Suppose h*y = -5*o + 6817, 2*o + 4*y = -0*o + 2734. Is o prime?
True
Suppose -82*w + 18 = -73*w. Suppose -2*z = 3*n - 42591, w*z + 28394 = -0*n + 2*n. Is n composite?
False
Let s(r) = 12585*r + 22. Let j be s(3). Suppose y = -x + 7557, -5*y - x + j = -0*y. Is y a prime number?
False
Let b = 398 + -850. Let q = 635 - b. Let j = q - 504. Is j a prime number?
False
Let m(u) = 63*u**2 + 2*u + 5. Let w be m(-3). Let t = -290 + w. Suppose 2*g + q = 5159 - t, 0 = 2*g + 5*q - 4887. Is g a prime number?
True
Let t = -3866 + 3797. Suppose 126 - 1341 = 5*p - 5*d, 5*d + 273 = -p. Let j = t - p. Is j prime?
True
Suppose 235350 = 3*q - 567897. Is q composite?
False
Let h(j) be the second derivative of 80*j**3/3 - 5*j**2/2 + j. Suppose 41*x - 40*x + 6 = -4*l, 42 = 5*x - 4*l. Is h(x) a prime number?
False
Suppose 15*p - 27 = 3. Suppose x + l = -p*x + 471, 785 = 5*x + 2*l. Suppose x = -5*k + 442. Is k a composite number?
True
Let w(u) = 420*u + 731. Is w(10) composite?
False
Suppose -x - 2*c + 167 = 0, -13*x + 15*x + c - 325 = 0. Let o(y) = y**2 - 2. Let m be o(-2). Suppose 0 = m*q - x - 93. Is q prime?
True
Suppose -133208 = -5*q + 5*g + 480357, 2*q + g = 245429. Is q a prime number?
False
Is (-1*1 - 1099456/(-32)) + (2 - -2) composite?
False
Let n = 22708 - -53761. Is n a prime number?
False
Let w = 14 - 15. Is (11333 - -4)*w/(-3) a prime number?
True
Let h(c) be the first derivative of -89*c**3/3 - 25*c**2/2 + 13*c - 45. Let t(w) be the first derivative of h(w). Is t(-8) composite?
False
Suppose v = -4*v + 325. Suppose -9*j = 4*j - v. Suppose 5*l - 11251 = 3*o, -4*o + 7083 = j*l - 4154. Is l composite?
True
Suppose -3*j = 5*u - 21454, 13152 - 34616 = -5*u + 2*j. Suppose 17*z = 13*z + u. Is z prime?
False
Let n = -385 + 387. Is ((-3 + 33/9)*11631)/n composite?
False
Suppose 5*l = -2*u + 4*u + 276847, 221474 = 4*l + 2*u. Is l a prime number?
False
Suppose 81*x - 4948663 = 28*x. Is x composite?
False
Suppose 17*u + 96467 = 321326. Is (u/(-6))/(4/(-8)) a prime number?
True
Let i(m) = 237*m**2 + m - 3. Let u(c) = -c**2 - 17*c - 2. Let z be u(-6). Let j = -60 + z. Is i(j) a composite number?
False
Let w = 167028 + -108371. Is w composite?
False
Suppose -4*d = 3 + 1. Is 1 - -288 - (7 - d)/(-2) a prime number?
True
Let f(a) = 49*a**2 + 3*a - 3. Let i be f(3). Let h(l) = -5*l**2 + 50*l + 36. Let t be h(14). Let u = t + i. Is u composite?
True
Let t be 4/(-8) + (-1892)/(-8) + 3. Let r = t + 1232. Is r a prime number?
True
Let x be (1 - 0) + (-2)/2. Let d(q) = -q**3 + 4*q**2 - 4*q + 48. Let j be d(5). Is (580 - (x - -2)) + j a composite number?
True
Suppose -27*n + 26*n = -1. Let c(j) = 3804*j - 11. Is c(n) composite?
False
Suppose 31*n - 558251 - 200288 = 0. Is n a prime number?
True
Suppose 0 = -v + 28710 + 34735. Suppose -4*o = -2*y - 20946 - 29810, 5*o - v = 5*y. Is o a prime number?
True
Suppose -4*g = -3*i - 9489, 3*i - 2*g + 3864 + 5631 = 0. Suppose 0*b + 12740 = 2*b. Let l = i + b. Is l composite?
False
Let z(t) = -3*t**3 + 24*t**2 - 7*t - 15. Let c = 16 + -9. Is z(c) a prime number?
True
Let y = 95566 + -62669. Is y a prime number?
False
Suppose 0 = n - 1, n = 3*b - 2 + 2028. Let m = b - -5752. Is m a composite number?
False
Let r = 625202 - 403899. Is r a composite number?
False
Is (-66699)/(-162)*9*2 a prime number?
True
Suppose 0 = 21168*t - 21230*t + 2870662. Is t composite?
False
Suppose 3*r - 4*l = 6*r - 30, 3*l = -9. Let b = 74 + r. Let d = b + -1. Is d composite?
True
Suppose -12*a + 212*a - 2129000 = 0. Is a a composite number?
True
Suppose 5*l - 20900 = -64230. Let s = l + 6167. Let i = 3898 + s. Is i a prime number?
True
Let r(w) be the third derivative of w**5/15 + 3*w**4/8 - w**3/6 - 6*w**2. Let i be r(-3). Is 270/i + (-27)/36 a composite number?
True
Is (309201/4)/((-667)/92 + 8) prime?
True
Suppose 218 - 46 = 2*p + 3*s, 0 = 4*p + s - 364. Suppose -4*r = -v + p, 2*r - 3 - 3 = 0. Suppose g + v = 9*g. Is g prime?
True
Suppose -c - 6*m = -3*m - 308773, 0 = 5*c - 5*m - 1543745. Is c composite?
True
Suppose 2*v - 48664 = -3*a, 7*v - a = 10*v - 72989. Is v prime?
True
Suppose -300*z + 294*z = -114. Let d(v) = -v**3 + 34*v**2 - 28*v + 2. Is d(z) composite?
True
Let u be 1 - (-11)/((-22)/(-49728)). Suppose -u = -3*h - 3952. Is h composite?
False
Suppose 89*m = 5*c + 85*m - 4006043, 0 = -c + m + 801208. Is c a prime number?
False
Let s(i) = 4*i**3 - 13*i**2 + 6*i + 17. Let r(n) = 2*n**2 + 9*n - 6. Let q be r(-6). Is s(q) a prime number?
False
Let n(c) = 12888*c**3 + 3*c**2 - 3*c + 1. Suppose -29*j + 52 = 23. Is n(j) a composite number?
False
Suppose 0 = -50*q + 16*q + 215084. Suppose 16698 = 16*g - q. Is g a composite number?
False
Let t be -1 - 3 - (-70)/7. Let g be (163 + -4)/3*t. Suppose 0*y - g = -3*y. Is y composite?
True
Suppose 3*i + 5*p = 331062, i + 7*p - 2*p - 110344 = 0. Is i a composite number?
False
Let g(b) = 23*b**2 + 3*b + 11. Suppose 0 = 5*p - 6 - 19. Suppose -11 = -4*s - 5*m, 0*m = -p*s - 5*m + 15. Is g(s) composite?
True
Let m(s) = 28*s**2 - 15*s - 10. Let f(g) = 29*g**2 - 15*g - 11. Let o(i) = -5*f(i) + 6*m(i). Let k be o(-6). Is 4 + (k - 1) + -2 prime?
False
Is (-567463995)/(-189) - (2 + -1*(-1 - 3)) composite?
False
Let x = -45631 + 183368. Is x a composite number?
False
Let j be (-24)/(-15) + (-21)/35 + -36725. Is ((-6)/24*-1)/((-1)/j) prime?
True
Let g(r) = -6 - r - 2*r + 4*r + 43*r**2 + 13*r. Is g(5) a composite number?
True
Let c = -18222 + 158011. Is c a prime number?
False
Let f = 0 + 44. Let g = f - 36. Suppose g*q - 1045 = 3*q. Is q a composite number?
True
Suppose 5*k - 10 = -s, 0 = 4*k - s - 11 - 6. Suppose -k*g = 3*j, -5*j + 45 = -0*j - 4*g. Let p(m) = 87*m**2 - 4*m + 4. Is p(j) prime?
False
Let w = -136 - -140. Suppose -w = 4*u - 6*u. Suppose 2*i - 647 = i - 4*y, -u*i + 1285 = 5*y. Is i a composite n